{"id":34,"date":"2024-07-16T16:53:43","date_gmt":"2024-07-16T14:53:43","guid":{"rendered":"https:\/\/www.djurcom.ch\/cms\/?page_id=34"},"modified":"2024-07-22T13:31:47","modified_gmt":"2024-07-22T11:31:47","slug":"ueber-uns","status":"publish","type":"page","link":"https:\/\/www.djurcom.ch\/cms\/ueber-uns\/","title":{"rendered":"\u00dcber uns"},"content":{"rendered":"\t\t<div data-elementor-type=\"wp-page\" data-elementor-id=\"34\" class=\"elementor elementor-34\">\n\t\t\t\t<div class=\"elementor-element elementor-element-136768d e-flex e-con-boxed e-con e-parent\" data-id=\"136768d\" data-element_type=\"container\">\n\t\t\t\t\t<div class=\"e-con-inner\">\n\t\t\t\t<div class=\"elementor-element elementor-element-5b88f59 elementor-widget elementor-widget-image\" data-id=\"5b88f59\" data-element_type=\"widget\" data-widget_type=\"image.default\">\n\t\t\t\t<div class=\"elementor-widget-container\">\n\t\t\t\t\t\t\t\t\t\t\t\t\t\t\t<img fetchpriority=\"high\" decoding=\"async\" width=\"960\" height=\"320\" src=\"https:\/\/www.djurcom.ch\/cms\/wp-content\/uploads\/2024\/07\/237579-Brooklyn.jpg\" class=\"attachment-large size-large wp-image-36\" alt=\"\" srcset=\"https:\/\/www.djurcom.ch\/cms\/wp-content\/uploads\/2024\/07\/237579-Brooklyn.jpg 960w, https:\/\/www.djurcom.ch\/cms\/wp-content\/uploads\/2024\/07\/237579-Brooklyn-300x100.jpg 300w, https:\/\/www.djurcom.ch\/cms\/wp-content\/uploads\/2024\/07\/237579-Brooklyn-768x256.jpg 768w\" sizes=\"(max-width: 960px) 100vw, 960px\" \/>\t\t\t\t\t\t\t\t\t\t\t\t\t\t\t<\/div>\n\t\t\t\t<\/div>\n\t\t\t\t<div class=\"elementor-element elementor-element-ea154fe elementor-hidden-mobile elementor-widget elementor-widget-spacer\" data-id=\"ea154fe\" data-element_type=\"widget\" data-widget_type=\"spacer.default\">\n\t\t\t\t<div class=\"elementor-widget-container\">\n\t\t\t\t\t\t\t<div class=\"elementor-spacer\">\n\t\t\t<div class=\"elementor-spacer-inner\"><\/div>\n\t\t<\/div>\n\t\t\t\t\t\t<\/div>\n\t\t\t\t<\/div>\n\t\t\t\t<div class=\"elementor-element elementor-element-d763e0b elementor-widget elementor-widget-heading\" data-id=\"d763e0b\" data-element_type=\"widget\" data-widget_type=\"heading.default\">\n\t\t\t\t<div class=\"elementor-widget-container\">\n\t\t\t\t\t<h2 class=\"elementor-heading-title elementor-size-default\">Der Kunde ist unser Auftraggeber, Qualit\u00e4t unsere Aufgabe und\n\nlangfristige Wertsch\u00f6pfung unser Ziel.<\/h2>\t\t\t\t<\/div>\n\t\t\t\t<\/div>\n\t\t\t\t<div class=\"elementor-element elementor-element-0222bec elementor-widget elementor-widget-text-editor\" data-id=\"0222bec\" data-element_type=\"widget\" data-widget_type=\"text-editor.default\">\n\t\t\t\t<div class=\"elementor-widget-container\">\n\t\t\t\t\t\t\t\t\t<div style=\"text-align: center;\">Transparenz, Offenheit und Ehrlichkeit gegen\u00fcber unseren Kunden und Lieferanten\u00a0schaffen Vertrauen<\/div><div style=\"text-align: center;\">und sind die Basis\u00a0f\u00fcr eine\u00a0gute Zusammenarbeit.<\/div>\t\t\t\t\t\t\t\t<\/div>\n\t\t\t\t<\/div>\n\t\t\t\t<div class=\"elementor-element elementor-element-d9bf7e0 elementor-widget elementor-widget-text-editor\" data-id=\"d9bf7e0\" data-element_type=\"widget\" data-widget_type=\"text-editor.default\">\n\t\t\t\t<div class=\"elementor-widget-container\">\n\t\t\t\t\t\t\t\t\t<div style=\"text-align: center;\"><div>Der Kunde ist das Mass aller Dinge und nur, wenn Sie begeistert sind, sind wir zufrieden. Konsequente Kundenorientierung<\/div><div>steht im Fokus all unserer Aktivit\u00e4ten.<\/div><\/div>\t\t\t\t\t\t\t\t<\/div>\n\t\t\t\t<\/div>\n\t\t\t\t<div class=\"elementor-element elementor-element-5c1e79b elementor-widget elementor-widget-text-editor\" data-id=\"5c1e79b\" data-element_type=\"widget\" data-widget_type=\"text-editor.default\">\n\t\t\t\t<div class=\"elementor-widget-container\">\n\t\t\t\t\t\t\t\t\t<div style=\"text-align: center;\">Qualit\u00e4t ist f\u00fcr uns kein Zustand, sondern ein Prozess, der st\u00e4ndig verbessert werden muss und diesen<\/div><div style=\"text-align: center;\">Verbesserungsprozess leben wir jeden Tag.<\/div>\t\t\t\t\t\t\t\t<\/div>\n\t\t\t\t<\/div>\n\t\t\t\t<div class=\"elementor-element elementor-element-746d6d0 elementor-widget elementor-widget-text-editor\" data-id=\"746d6d0\" data-element_type=\"widget\" data-widget_type=\"text-editor.default\">\n\t\t\t\t<div class=\"elementor-widget-container\">\n\t\t\t\t\t\t\t\t\t<div style=\"text-align: center;\">St\u00e4ndige Innovationen und die Motivation uns selbst zu verbessern sind unsere t\u00e4gliche Aufgabe.<\/div><div style=\"text-align: center;\">Nur durch beste Qualit\u00e4t\u00a0k\u00f6nnen wir auch in Zukunft optimale Ergebnisse erzielen.<\/div>\t\t\t\t\t\t\t\t<\/div>\n\t\t\t\t<\/div>\n\t\t\t\t<div class=\"elementor-element elementor-element-6fb44d3 elementor-widget elementor-widget-spacer\" data-id=\"6fb44d3\" data-element_type=\"widget\" data-widget_type=\"spacer.default\">\n\t\t\t\t<div class=\"elementor-widget-container\">\n\t\t\t\t\t\t\t<div class=\"elementor-spacer\">\n\t\t\t<div class=\"elementor-spacer-inner\"><\/div>\n\t\t<\/div>\n\t\t\t\t\t\t<\/div>\n\t\t\t\t<\/div>\n\t\t\t\t\t<\/div>\n\t\t\t\t<\/div>\n\t\t\t\t<\/div>\n\t\t","protected":false},"excerpt":{"rendered":"<p>Der Kunde ist unser Auftraggeber, Qualit\u00e4t unsere Aufgabe und langfristige Wertsch\u00f6pfung unser Ziel. Transparenz, Offenheit und Ehrlichkeit gegen\u00fcber unseren Kunden und Lieferanten\u00a0schaffen Vertrauenund sind die Basis\u00a0f\u00fcr eine\u00a0gute Zusammenarbeit.Der Kunde ist das Mass aller Dinge und nur, wenn Sie begeistert sind, sind wir zufrieden. Konsequente Kundenorientierungsteht im Fokus all unserer Aktivit\u00e4ten.Qualit\u00e4t ist f\u00fcr uns kein Zustand,&hellip;&nbsp;<a href=\"https:\/\/www.djurcom.ch\/cms\/ueber-uns\/\" rel=\"bookmark\"><span class=\"screen-reader-text\">\u00dcber uns<\/span><\/a><\/p>\n","protected":false},"author":1,"featured_media":0,"parent":0,"menu_order":0,"comment_status":"closed","ping_status":"closed","template":"page-templates\/template-pagebuilder-full-width.php","meta":{"neve_meta_sidebar":"","neve_meta_container":"","neve_meta_enable_content_width":"","neve_meta_content_width":0,"neve_meta_title_alignment":"","neve_meta_author_avatar":"","neve_post_elements_order":"","neve_meta_disable_header":"","neve_meta_disable_footer":"","neve_meta_disable_title":"","footnotes":""},"class_list":["post-34","page","type-page","status-publish","hentry"],"_links":{"self":[{"href":"https:\/\/www.djurcom.ch\/cms\/wp-json\/wp\/v2\/pages\/34","targetHints":{"allow":["GET"]}}],"collection":[{"href":"https:\/\/www.djurcom.ch\/cms\/wp-json\/wp\/v2\/pages"}],"about":[{"href":"https:\/\/www.djurcom.ch\/cms\/wp-json\/wp\/v2\/types\/page"}],"author":[{"embeddable":true,"href":"https:\/\/www.djurcom.ch\/cms\/wp-json\/wp\/v2\/users\/1"}],"replies":[{"embeddable":true,"href":"https:\/\/www.djurcom.ch\/cms\/wp-json\/wp\/v2\/comments?post=34"}],"version-history":[{"count":7,"href":"https:\/\/www.djurcom.ch\/cms\/wp-json\/wp\/v2\/pages\/34\/revisions"}],"predecessor-version":[{"id":144,"href":"https:\/\/www.djurcom.ch\/cms\/wp-json\/wp\/v2\/pages\/34\/revisions\/144"}],"wp:attachment":[{"href":"https:\/\/www.djurcom.ch\/cms\/wp-json\/wp\/v2\/media?parent=34"}],"curies":[{"name":"wp","href":"https:\/\/api.w.org\/{rel}","templated":true}]}}